en 3632564 is divided by 41?
5
What is the remainder when 206994 is divided by 68934?
192
What is the remainder when 659201 is divided by 657384?
1817
Calculate the remainder when 5117752 is divided by 397.
25
What is the remainder when 82113 is divided by 695?
103
What is the remainder when 9596606 is divided by 1212?
1202
What is the remainder when 98013049 is divided by 5?
4
What is the remainder when 26556621 is divided by 145?
16
Calculate the remainder when 85810832 is divided by 591.
587
What is the remainder when 229420 is divided by 22864?
780
Calculate the remainder when 467997 is divided by 1784.
589
Calculate the remainder when 2833332 is divided by 1407.
1041
What is the remainder when 8036810 is divided by 1452?
1442
Calculate the remainder when 2605910 is divided by 59225.
10
Calculate the remainder when 2495823 is divided by 16.
15
What is the remainder when 138953 is divided by 27509?
1408
What is the remainder when 81191 is divided by 526?
187
Calculate the remainder when 287030 is divided by 2158.
16
Calculate the remainder when 999191 is divided by 499147.
897
Calculate the remainder when 34214190 is divided by 29.
19
What is the remainder when 358426 is divided by 27483?
1147
What is the remainder when 1503803 is divided by 4?
3
Calculate the remainder when 1526 is divided by 1106.
420
Calculate the remainder when 11994 is divided by 3777.
663
What is the remainder when 4337985 is divided by 503?
113
What is the remainder when 9771255 is divided by 1743?
1740
What is the remainder when 164776 is divided by 20495?
816
Calculate the remainder when 110010 is divided by 2313.
1299
Calculate the remainder when 22266839 is divided by 25.
14
What is the remainder when 4308196 is divided by 1657?
1653
Calculate the remainder when 218063970 is divided by 10.
0
Calculate the remainder when 20250 is divided by 9474.
1302
Calculate the remainder when 546760 is divided by 9940.
60
Calculate the remainder when 5089862 is divided by 2536.
110
What is the remainder when 2826414 is divided by 34894?
0
Calculate the remainder when 19761 is divided by 2043.
1374
What is the remainder when 589314 is divided by 49100?
114
What is the remainder when 752140 is divided by 31335?
100
What is the remainder when 58302 is divided by 57777?
525
What is the remainder when 328387885 is divided by 106?
97
What is the remainder when 133582 is divided by 3311?
1142
What is the remainder when 9245894 is divided by 548?
38
Calculate the remainder when 3305196 is divided by 5.
1
What is the remainder when 1922390 is divided by 34?
30
What is the remainder when 2202824 is divided by 528?
8
What is the remainder when 2344071 is divided by 42?
9
Calculate the remainder when 797666 is divided by 72480.
386
What is the remainder when 90912563 is divided by 348?
347
Calculate the remainder when 24315 is divided by 2868.
1371
Calculate the remainder when 57785 is divided by 8.
1
Calculate the remainder when 18159706 is divided by 81070.
26
Calculate the remainder when 693652 is divided by 5295.
7
What is the remainder when 383959 is divided by 31989?
91
Calculate the remainder when 791300 is divided by 84.
20
What is the remainder when 11311 is divided by 2149?
566
Calculate the remainder when 134745 is divided by 82.
19
Calculate the remainder when 2652252 is divided by 46529.
99
What is the remainder when 11295322 is divided by 1129532?
2
Calculate the remainder when 331405618 is divided by 2668.
2666
Calculate the remainder when 62142748 is divided by 3501.
3499
Calculate the remainder when 50325 is divided by 24288.
1749
Calculate the remainder when 2037731 is divided by 407310.
1181
What is the remainder when 2031980 is divided by 225775?
5
Calculate the remainder when 553575 is divided by 160.
135
Calculate the remainder when 910260 is divided by 30.
0
Calculate the remainder when 52286 is divided by 1494.
1490
What is the remainder when 79012 is divided by 674?
154
What is the remainder when 796956 is divided by 256?
28
What is the remainder when 7927364 is divided by 8?
4
What is the remainder when 545450 is divided by 1012?
994
What is the remainder when 3528161 is divided by 49691?
100
What is the remainder when 2957262 is divided by 2905?
2877
What is the remainder when 1209688 is divided by 3686?
680
What is the remainder when 18401555 is divided by 2010?
5
What is the remainder when 16445352 is divided by 521?
508
What is the remainder when 593282 is divided by 94?
48
What is the remainder when 4804271 is divided by 24142?
13
What is the remainder when 1089174 is divided by 69?
9
Calculate the remainder when 414304 is divided by 1205.
989
Calculate the remainder when 22331 is divided by 84.
71
Calculate the remainder when 49441 is divided by 7.
0
Calculate the remainder when 503009 is divided by 162.
161
What is the remainder when 3892679832 is divided by 15?
12
What is the remainder when 875502 is divided by 206?
2
Calculate the remainder when 29128 is divided by 157.
83
Calculate the remainder when 36344 is divided by 7259.
49
Calculate the remainder when 1220706 is divided by 816.
786
What is the remainder when 4929552 is divided by 116?
16
Calculate the remainder when 39281353 is divided by 52.
33
What is the remainder when 6067276 is divided by 596?
592
Calculate the remainder when 406836 is divided by 1311.
426
Calculate the remainder when 23795381 is divided by 5254.
15
Calculate the remainder when 45877815 is divided by 2793.
2790
What is the remainder when 2558328 is divided by 2881?
0
Calculate the remainder when 3273599 is divided by 4786.
4761
Calculate the remainder when 10364233 is divided by 1484.
1461
Calculate the remainder when 734676 is divided by 734669.
7
Calculate the remainder when 2400422 is divided by 800092.
146
Calculate the remainder when 32878430 is divided by 2858.
2856
Calculate the remainder when 26660833 is divided by 45.
43
What is the remainder when 27457 is divided by 6845?
77
What is the remainder when 417925 is divided by 187?
167
Calculate the remainder when 3090026 is divided by 166.
102
What is the remainder when 25221 is divided by 1314?
255
What is the remainder when 772704 is divided by 771017?
1687
What is the remainder when 872307 is divided by 276?
147
What is the remainder when 78073 is divided by 5979?
346
What is the remainder when 9552912 is divided by 45?
42
Calculate the remainder when 1504349 is divided by 150395.
399
Calculate the remainder when 1934419 is divided by 623.
4
Calculate the remainder when 19527687 is divided by 17.
8
Calculate the remainder when 115212 is divided by 38168.
708
Calculate the remainder when 101997524 is divided by 14.
6
Calculate the remainder when 52345 is divided by 14.
13
Calculate the remainder when 259734 is divided by 13666.
80
Calculate the remainder when 28488 is divided by 2088.
1344
What is the remainder when 218435 is divided by 72782?
89
What is the remainder when 113506 is divided by 1053?
835
Calculate the remainder when 1082602130 is divided by 9.
5
What is the remainder when 163162774 is divided by 178?
142
What is the remainder when 534566 is divided by 41109?
149
Calculate the remainder when 436111 is divided by 2551.
2441
What is the remainder when 711110 is divided by 26234?
2792
Calculate the remainder when 76348 is divided by 8371.
1009
What is the remainder when 1804903 is divided by 47497?
17
Calculate the remainder when 4448652 is divided by 2224280.
92
Calculate the remainder when 2928803 is divided by 84.
59
Calculate the remainder when 359287 is divided by 590.
567
Calculate the remainder when 87731 is divided by 1227.
614
Calculate the remainder when 1725529 is divided by 9277.
7
What is the remainder when 1494126 is divided by 298815?
51
Calculate the remainder when 109911 is divided by 54492.
927
What is the remainder when 2614276 is divided by 1546?
1536
What is the remainder when 4735354 is divided by 1993?
1979
Calculate the remainder when 231511575 is divided by 16.
7
Calculate the remainder when 9867653 is divided by 7.
5
Calculate the remainder when 10490859 is divided by 5034.
3
Calculate the remainder when 9495431 is divided by 378.
71
What is the remainder when 701478 is divided by 233678?
444
Calculate the remainder when 1285